{"id":5,"date":"2020-01-07T11:28:21","date_gmt":"2020-01-07T11:28:21","guid":{"rendered":"http:\/\/hristalupci.ro\/?page_id=5"},"modified":"2020-01-09T12:32:39","modified_gmt":"2020-01-09T12:32:39","slug":"albums","status":"publish","type":"page","link":"https:\/\/hristalupci.ro\/index.php\/albums\/","title":{"rendered":"Albums"},"content":{"rendered":"<ul>\n<li><a href=\"https:\/\/hristalupci.ro\/index.php\/2020\/01\/09\/album-2014\/\">Album 2014<\/a><\/li>\n<li><a href=\"https:\/\/hristalupci.ro\/index.php\/2020\/01\/09\/armaname-oaminji-vruts\/\">Arm\u00e2name, oaminji vruts<\/a><\/li>\n<li><a href=\"https:\/\/hristalupci.ro\/index.php\/2020\/01\/09\/aroshi-trandafila\/\">Aroshi trandafil\u00e2<\/a><\/li>\n<li><a href=\"https:\/\/hristalupci.ro\/index.php\/2020\/01\/09\/basearica-di-hagilarea\/\">B\u00e2searica di Hagilarea<\/a><\/li>\n<li><a href=\"https:\/\/hristalupci.ro\/index.php\/2020\/01\/09\/ti-carciunu-1997\/\">Ti C\u00e2rciunu 1997<\/a><\/li>\n<li><a href=\"https:\/\/hristalupci.ro\/index.php\/2020\/01\/09\/ti-carciunu-1998\/\">Ti C\u00e2rciunu 1998<\/a><\/li>\n<li><a href=\"https:\/\/hristalupci.ro\/index.php\/2020\/01\/09\/ti-carciunu-2010\/\">Ti C\u00e2rciunu 2010<\/a><\/li>\n<li><a href=\"https:\/\/hristalupci.ro\/index.php\/2020\/01\/09\/ti-carciunu-2011\/\">Ti C\u00e2rciunu 2011<\/a><\/li>\n<li><a href=\"https:\/\/hristalupci.ro\/index.php\/2020\/01\/09\/ti-iancu-caserica\/\">Ti Iancu Caserica<\/a><\/li>\n<li><a href=\"https:\/\/hristalupci.ro\/index.php\/2020\/01\/09\/clopatli\/\">Clopatli<\/a><\/li>\n<li><a href=\"https:\/\/hristalupci.ro\/index.php\/2020\/01\/09\/di-la-stripapu-la-strinipotu\/\">Di la stripapu la strinipotu<\/a><\/li>\n<li><a href=\"https:\/\/hristalupci.ro\/index.php\/2020\/01\/09\/di-vreari\/\">Di vreari<\/a><\/li>\n<li><a href=\"https:\/\/hristalupci.ro\/index.php\/2020\/01\/09\/durut-iho-1993\/\">Durut iho 1993<\/a><\/li>\n<li><a href=\"https:\/\/hristalupci.ro\/index.php\/2020\/01\/09\/eschibaba-2001\/\">Eschibaba 2001<\/a><\/li>\n<li><a href=\"https:\/\/hristalupci.ro\/index.php\/2020\/01\/09\/fciorii-di-la-kavalla\/\">Fciorii di la Kavalla<\/a><\/li>\n<li><a href=\"https:\/\/hristalupci.ro\/index.php\/2020\/01\/09\/hagi-sterghiu\/\">Hagi Sterghiu<\/a><\/li>\n<li><a href=\"https:\/\/hristalupci.ro\/index.php\/2020\/01\/09\/ti-hoara-hagilarea-1998\/\">Ti hoara Hagilarea 1998<\/a><\/li>\n<li><a href=\"https:\/\/hristalupci.ro\/index.php\/2020\/01\/09\/cantitsi-di-hirtiseari\/\">C\u00e2ntitsi di hirtiseari<\/a><\/li>\n<li><a href=\"https:\/\/hristalupci.ro\/index.php\/2020\/01\/09\/iholu-1993\/\">Iholu 1993<\/a><\/li>\n<li><a href=\"https:\/\/hristalupci.ro\/index.php\/2020\/01\/09\/la-valea-di-ianina\/\">La valea di Ianina<\/a><\/li>\n<li><a href=\"https:\/\/hristalupci.ro\/index.php\/2020\/01\/09\/makedonia\/\">Makedonia<\/a><\/li>\n<li><a href=\"https:\/\/hristalupci.ro\/index.php\/2020\/01\/09\/album-2012\/\">Album 2012<\/a><\/li>\n<li><a href=\"https:\/\/hristalupci.ro\/index.php\/2020\/01\/09\/mintanlu\/\">Mintanlu<\/a><\/li>\n<li><a href=\"https:\/\/hristalupci.ro\/index.php\/2020\/01\/09\/noaua-shi-vechi\/\">Noau\u00e2 shi vechi<\/a><\/li>\n<li><a href=\"https:\/\/hristalupci.ro\/index.php\/2020\/01\/09\/paplu-hrista\/\">Paplu Hrista<\/a><\/li>\n<li><a href=\"https:\/\/hristalupci.ro\/index.php\/2020\/01\/09\/primuveara\/\">Primuveara<\/a><\/li>\n<li><a href=\"https:\/\/hristalupci.ro\/index.php\/2020\/01\/09\/singles\/\">Singles<\/a><\/li>\n<li><a href=\"https:\/\/hristalupci.ro\/index.php\/2020\/01\/09\/tachi-gioni-miracliu\/\">Tachi, gioni miracliu<\/a><\/li>\n<li><a href=\"https:\/\/hristalupci.ro\/index.php\/2020\/01\/09\/tu-ashkeri-hiu-lea-vruta\/\">Tu-ashkeri hiu, lea vrut\u0103<\/a><\/li>\n<li><a href=\"https:\/\/hristalupci.ro\/index.php\/2020\/01\/09\/vini-oara\/\">Vini oara<\/a><\/li>\n<li><a href=\"https:\/\/hristalupci.ro\/index.php\/2020\/01\/09\/vruta-mea-imsheata\/\">Vruta mea \u00eemsheat\u00e2<\/a><\/li>\n<\/ul>\n<div class='avc_visit_counter_front_simple' style=\"border: 1px solid #ffffff; color:#000000; background-color:#ffffff; border-radius: 3px; margin: 0 auto;\">Visits:  18919<\/div>","protected":false},"excerpt":{"rendered":"<p>Album 2014 Arm\u00e2name, oaminji vruts Aroshi trandafil\u00e2 B\u00e2searica di Hagilarea Ti C\u00e2rciunu 1997 Ti C\u00e2rciunu 1998 Ti C\u00e2rciunu 2010 Ti C\u00e2rciunu 2011 Ti Iancu Caserica Clopatli Di la stripapu la strinipotu Di vreari Durut iho 1993 Eschibaba 2001 Fciorii di la Kavalla Hagi Sterghiu Ti hoara Hagilarea 1998 C\u00e2ntitsi di hirtiseari Iholu 1993 La valea &hellip; <\/p>\n<p class=\"link-more\"><a href=\"https:\/\/hristalupci.ro\/index.php\/albums\/\" class=\"more-link\">Continue reading<span class=\"screen-reader-text\"> &#8220;Albums&#8221;<\/span><\/a><\/p>\n","protected":false},"author":1,"featured_media":0,"parent":0,"menu_order":0,"comment_status":"closed","ping_status":"closed","template":"","meta":{"footnotes":""},"class_list":["post-5","page","type-page","status-publish","hentry"],"_links":{"self":[{"href":"https:\/\/hristalupci.ro\/index.php\/wp-json\/wp\/v2\/pages\/5","targetHints":{"allow":["GET"]}}],"collection":[{"href":"https:\/\/hristalupci.ro\/index.php\/wp-json\/wp\/v2\/pages"}],"about":[{"href":"https:\/\/hristalupci.ro\/index.php\/wp-json\/wp\/v2\/types\/page"}],"author":[{"embeddable":true,"href":"https:\/\/hristalupci.ro\/index.php\/wp-json\/wp\/v2\/users\/1"}],"replies":[{"embeddable":true,"href":"https:\/\/hristalupci.ro\/index.php\/wp-json\/wp\/v2\/comments?post=5"}],"version-history":[{"count":37,"href":"https:\/\/hristalupci.ro\/index.php\/wp-json\/wp\/v2\/pages\/5\/revisions"}],"predecessor-version":[{"id":924,"href":"https:\/\/hristalupci.ro\/index.php\/wp-json\/wp\/v2\/pages\/5\/revisions\/924"}],"wp:attachment":[{"href":"https:\/\/hristalupci.ro\/index.php\/wp-json\/wp\/v2\/media?parent=5"}],"curies":[{"name":"wp","href":"https:\/\/api.w.org\/{rel}","templated":true}]}}